8 = 0. Let a be 0/(-5) - (g + 21). Let s = 5 - a. What are the prime factors of s?
5
Let o be (5/2)/((-9)/(-504)). Let j(i) = -162*i + 2. Let g be j(-1). Suppose 2*h - 2*r = 144, -4*h - 4*r + o + g = 0. What are the prime factors of h?
2, 37
Let v(o) be the third derivative of -7*o**4/8 - 35*o**3/3 - 24*o**2 - 2. What are the prime factors of v(-31)?
7, 83
What are the prime factors of (-2)/(-68)*-4 - 9467742/(-867)?
2, 3, 5, 7, 13
Let w(f) = 35*f**2 + 72*f - 927. List the prime factors of w(18).
3, 1301
Let p = -39 - -43. Let q = p + -4. Suppose q = -2*l - 8, -2*u - l = 44 - 186. What are the prime factors of u?
73
Suppose -12*z - 1444 = -14*z. Suppose 92*x - 94*x - z = 0. Let c = -143 - x. What are the prime factors of c?
2, 109
Let i = -334 - -436. What are the prime factors of (4 + i/(-18))*-486?
2, 3, 5
Suppose 36 = 3*m - 3*n, -5*m + 0*n + 68 = 3*n. Suppose -m*c = -7*c - 3114. Suppose -s = -3*t + c, -4*s = 3 - 15. List the prime factors of t.
2, 3, 29
Suppose -132*l + 92*l + 522729 = 201*l. What are the prime factors of l?
3, 241
Let z(x) = x**3 - 27*x**2 - x + 30. Let w be z(27). Let o be (-11567)/w - 6/18. What are the prime factors of o/(-24)*(2 - (-2)/(-4))?
241
Suppose 4*j - 3*v = 251954, 3*j = -2*v + 232621 - 43664. List the prime factors of j.
62987
Suppose -755 = 7*g - 972. Suppose g*h - 12*h = 14668. What are the prime factors of h?
2, 193
Let x(z) = 13*z - 7. Let w(n) = 40*n - 21. Suppose 0 = 5*g + 3*s + 4 - 17, -5*g - 4*s = -14. Let l(d) = g*w(d) - 7*x(d). List the prime factors of l(-2).
29
Let g(b) = 50*b + 40. Suppose -v + 25 = -h, -15 = 2*h + 3*h. Let z be g(v). Suppose -2*a - z = -7*a. List the prime factors of a.
2, 3, 19
Let u(c) be the second derivative of c**5/20 + 7*c**4/3 - 47*c**3/6 - 9*c**2/2 - 4*c - 3. List the prime factors of u(-29).
3, 19
Suppose -5*b + 6*r = r - 585, -3*b + r = -349. Suppose 20*q - 18*q = b. Let w = 43 + q. List the prime factors of w.
101
Let o be 161/69 + -307*2/6. Let s = -383 - -152. Let p = o - s. What are the prime factors of p?
131
Let b = -140 + 183. Suppose -2*m + b = -223. What are the prime factors of m?
7, 19
Suppose -4*c - 5*x = 25, 2*c + 25 = -3*c - 5*x. Suppose c = 9*w - 8*w - h - 873, 5*w = 4*h + 4360. What are the prime factors of w?
2, 7, 31
Let c be ((-18)/(-4))/((-10)/140). Let u = 79 - c. Suppose 3*y - 213 + 14 = -4*x, -3*x + 5*y + u = 0. What are the prime factors of x?
7
Suppose 4*v + 5*k - 81581 = 0, 0 = -957*v + 952*v + 3*k + 102004. What are the prime factors of v?
20399
List the prime factors of 18 + 67143 + 25 + -8.
2, 33589
Let s = -1197 + 10611. List the prime factors of -8 + 13/(117/s).
2, 3, 173
Let l = 36982 - 23157. What are the prime factors of l?
5, 7, 79
Let j(c) = -4*c + 21. Let h be j(0). Let q be 5*h*6/45. Suppose 0 = q*a - 11 - 423. List the prime factors of a.
31
Let p = 51 + -52. Let f be (-6)/(-8)*-2*-26. Let b = p + f. What are the prime factors of b?
2, 19
Let f(g) = 13*g**2 + 22*g + 8. Let k be f(-5). Let z = 351 - k. What are the prime factors of z?
2
Let t(n) = 5*n**2 + 10*n**2 + 6*n**2 + 9*n - 25*n**2 - 3*n**3 + n**3 + 44. What are the prime factors of t(-6)?
2, 139
Let l be (6 + (-96)/15)/(1/(-5)). Suppose -s - 2*s - 56 = -2*f, l*f = -5*s + 88. What are the prime factors of f?
2, 17
Suppose 13*b = 10213 + 35807. List the prime factors of b.
2, 3, 5, 59
Suppose -11*q = 17*q - 308696 - 928764. What are the prime factors of q?
5, 8839
Let h(s) = -84*s - 24. Let u be h(-11). Suppose -2*p - r + 579 + 14 = 0, -3*p + 2*r = -u. What are the prime factors of p?
2, 149
Let u(f) = -66*f - 8. Let t be u(-4). Suppose 2*c + 1280 = 5*b - 0*c, -b - 3*c = -t. List the prime factors of b.
2
List the prime factors of -6 - (1 + 0 + -122)/((-1)/(-118)).
2, 223
Let u = -3159 + 4672. What are the prime factors of u?
17, 89
Let k(r) = 20 + 13 - 3*r + 15*r + 24*r**2 - 4. What are the prime factors of k(-4)?
5, 73
Let c = 15 - 21. Let z(t) = -6*t - 51. Let y be z(-8). What are the prime factors of (-1)/(y/c) + 4?
2
Let n(f) be the second derivative of 3*f**5/40 - 17*f**4/24 - 4*f**3/3 - 13*f. Let b(h) be the second derivative of n(h). What are the prime factors of b(19)?
2, 7, 11
Let r(z) = z**2 - 8*z + 12. Let l be r(6). Let v(w) = -w**3 + 2*w**2 + 10. Let x be v(l). Let p(j) = 2*j**2 - 18*j - 10. List the prime factors of p(x).
2, 5
Let z(m) = -6*m**2 - 5*m + 1158. Let s = -297 + 297. List the prime factors of z(s).
2, 3, 193
Let x(o) = -3*o**2 - 66*o - 29. Let j be x(-17). Suppose 220*d = j*d - 5214. List the prime factors of d.
11, 79
Suppose -3*h - 230 = -2*p, -p = -0*h - h - 75. Let j be ((-24)/5)/(-4)*15/1. Let y = j - h. List the prime factors of y.
2, 7
Suppose 0 = 2*o - b - 413, o + 4*b + 410 = 3*o. Let y be (-10 + -8 - -13) + 7. Suppose -5*g - y*x = x - o, 5*x = 5*g - 175. List the prime factors of g.
3, 13
Let p be 83/(5 - 4 - 0). Let h = p + -36. Suppose -z + 25 + h = 0. What are the prime factors of z?
2, 3
Let o be (60/(-120))/(1 - 7/6). Suppose -o*n = -l - 974, 3*n - 120 = 3*l + 864. What are the prime factors of n?
17, 19
Suppose -23*j = -8*j - 29460. Let a = 3018 - j. List the prime factors of a.
2, 17, 31
Suppose 0 = -2*h - z + 13, 4*z - 25 = -4*h - h. Suppose h*c - 13*c = 0. Suppose 4*d = -5*k + 1323, -k + c*d = 5*d - 273. What are the prime factors of k?
263
Let y = -618 - -872. Let j = 724 + y. What are the prime factors of j?
2, 3, 163
Let n = 782 + -872. Let c = -110 + -18. Let q = n - c. List the prime factors of q.
2, 19
Let n(v) = -231*v - 264. List the prime factors of n(-29).
3, 5, 11, 13
Let h = -1045 + 515. List the prime factors of (-1 - 4/(-5)) + (-860826)/h.
2, 7, 29
Suppose 31 = 2*x - g - 6, -3 = g. Let f(m) = -m**2 + 15*m + 67. What are the prime factors of f(x)?
3, 11
Suppose -3*r = 12, -2*r + 8 = -4*v + 3*r. Let x be 4/v*(-189)/54. List the prime factors of ((-5)/(-10))/(x/68).
17
Let m be 18/27 + (-52)/6. Let l be (24/(-8))/(6/m). Suppose -l*a - 155 + 511 = 0. List the prime factors of a.
89
Suppose -114*a = -441585 - 650685 + 257220. What are the prime factors of a?
5, 293
Suppose -282*s + 3774093 = -33*s. What are the prime factors of s?
23, 659
Let s be 0/(0 + (-1 - (3 + -3))). Suppose -2*t - 2*t + 1344 = s. Suppose 0 = -8*x - 0*x + t. List the prime factors of x.
2, 3, 7
What are the prime factors of 8*(-23)/(-736) + (-55166)/(-8)?
2, 431
List the prime factors of (-1)/(-5*9/378945).
3, 7, 401
Let c(d) = -9*d + 8. Let y be c(0). Suppose y = 5*u + 2*t - 8, 5*t = -5*u + 25. List the prime factors of u.
2
Suppose -q = -p - 9 - 10, q - 61 = 4*p. Let f be (7/p)/((-1)/26). List the prime factors of -1*f*(-3 + 0).
3, 13
Let w(s) = 2*s**2 + 7*s + 127. What are the prime factors of w(-18)?
11, 59
List the prime factors of (-10)/(7/1974*-6).
2, 5, 47
List the prime factors of (1 + 26/6)/((-40)/(-43980)).
2, 733
Suppose 3*d = -12*d + 75. Let h(u) = 103*u + 2. What are the prime factors of h(d)?
11, 47
Let j(y) = -95*y - 708. Let r(n) = 48*n + 353. Let d(h) = 6*j(h) + 11*r(h). What are the prime factors of d(-23)?
601
Let j(u) = u + 6. Let y be j(15). Suppose 4*q - y = -2*i - 5, 0 = -3*i + 5*q + 2. Let m = 71 - i. What are the prime factors of m?
67
Let a = -123391 + 193273. List the prime factors of a.
2, 3, 19, 613
Let i = 6801 + -2841. What are the prime factors of i?
2, 3, 5, 11
Let r = 10637 + 820. What are the prime factors of r?
3, 19, 67
List the prime factors of -219*(-6 - 93/63) - 4/14.
1637
Suppose -83*g = -121202 - 93353. List the prime factors of g.
5, 11, 47
Let m = -47830 + 79808. List the prime factors of m.
2, 59, 271
Let l = -9120 - -13301. List the prime factors of l.
37, 113
Let l = -3954 - -7617. List the prime factors of l.
3, 11, 37
Let i(p) = -3653*p - 15803. List the prime factors of i(-14).
35339
Let v(g) = 4*g - 6. Let r = 17 - 10. Let a be v(r). Suppose a*p - 15*p - 175 = 0. What are the prime factors of p?
5
Let c(u) = -8*u**2 + 6. Let f(j) = -j + 1. Let l(o) = -c(o) + 4*f(o). Let n = 89 + -85. List the prime factors of l(n).
2, 5, 11
Let v be 65*1/(10/8). Let l = v + -75. Let y = 88 + l. What are the prime factors of y?
5, 13
Let o(k) = -28*k + 93. Let l be o(3). What are the prime factors of 1*615 - (l + -2 + -2)?
2, 5, 61
Let g = 8469 - 6923. List the prime factors of g.
2, 773
Let u(h) = h**2 + 2*h + 